6?
2
What is the units digit of 15491502?
2
What is the hundred thousands digit of 2948649?
9
What is the units digit of 1969880?
0
What is the thousands digit of 2157684?
7
What is the units digit of 4001806?
6
What is the thousands digit of 21982965?
2
What is the hundreds digit of 484583?
5
What is the ten thousands digit of 314948?
1
What is the ten thousands digit of 1159080?
5
What is the millions digit of 1165251?
1
What is the hundred thousands digit of 1017017?
0
What is the hundred thousands digit of 6118683?
1
What is the hundreds digit of 183446?
4
What is the units digit of 32984?
4
What is the units digit of 6549043?
3
What is the tens digit of 834966?
6
What is the units digit of 283644?
4
What is the thousands digit of 373742?
3
What is the tens digit of 2027799?
9
What is the ten thousands digit of 434064?
3
What is the tens digit of 13519661?
6
What is the ten thousands digit of 7479782?
7
What is the ten thousands digit of 99250?
9
What is the tens digit of 5813036?
3
What is the hundreds digit of 93774?
7
What is the tens digit of 19402282?
8
What is the thousands digit of 217670?
7
What is the hundreds digit of 2013341?
3
What is the hundred thousands digit of 546272?
5
What is the units digit of 5454?
4
What is the units digit of 330191?
1
What is the hundred thousands digit of 2940790?
9
What is the units digit of 1702451?
1
What is the thousands digit of 135151?
5
What is the ten thousands digit of 4175570?
7
What is the tens digit of 145402?
0
What is the hundreds digit of 8252820?
8
What is the hundreds digit of 160994?
9
What is the units digit of 51636?
6
What is the tens digit of 6937648?
4
What is the ten thousands digit of 1360333?
6
What is the units digit of 120049?
9
What is the ten thousands digit of 849641?
4
What is the tens digit of 59562?
6
What is the hundreds digit of 4541684?
6
What is the hundred thousands digit of 4490742?
4
What is the units digit of 2387062?
2
What is the hundreds digit of 558835?
8
What is the thousands digit of 18960513?
0
What is the tens digit of 4890342?
4
What is the tens digit of 3689047?
4
What is the thousands digit of 56794?
6
What is the thousands digit of 33807?
3
What is the thousands digit of 1353529?
3
What is the millions digit of 3889256?
3
What is the units digit of 9370439?
9
What is the thousands digit of 48252?
8
What is the units digit of 16545969?
9
What is the hundreds digit of 151255?
2
What is the thousands digit of 18708834?
8
What is the hundreds digit of 470033?
0
What is the units digit of 5428265?
5
What is the ten thousands digit of 813594?
1
What is the units digit of 39857?
7
What is the hundreds digit of 363975?
9
What is the ten thousands digit of 127147?
2
What is the ten thousands digit of 101723?
0
What is the ten thousands digit of 24730216?
3
What is the hundred thousands digit of 10717811?
7
What is the ten thousands digit of 6006194?
0
What is the tens digit of 7282899?
9
What is the thousands digit of 2524953?
4
What is the millions digit of 2436160?
2
What is the hundred thousands digit of 6581130?
5
What is the ten thousands digit of 2164302?
6
What is the hundreds digit of 4546660?
6
What is the thousands digit of 11519170?
9
What is the tens digit of 444526?
2
What is the tens digit of 182566?
6
What is the units digit of 1994204?
4
What is the ten thousands digit of 287109?
8
What is the thousands digit of 1020348?
0
What is the hundred thousands digit of 10351704?
3
What is the hundred thousands digit of 5349853?
3
What is the tens digit of 551535?
3
What is the units digit of 16267239?
9
What is the ten thousands digit of 123039?
2
What is the thousands digit of 1704324?
4
What is the millions digit of 1627859?
1
What is the hundreds digit of 1186958?
9
What is the units digit of 6440622?
2
What is the millions digit of 9655458?
9
What is the tens digit of 128725?
2
What is the thousands digit of 1478088?
8
What is the ten thousands digit of 335809?
3
What is the hundred thousands digit of 5849595?
8
What is the units digit of 3683874?
4
What is the millions digit of 1419373?
1
What is the millions digit of 7502665?
7
What is the thousands digit of 10822660?
2
What is the tens digit of 814127?
2
What is the units digit of 586508?
8
What is the tens digit of 326963?
6
What is the hundreds digit of 316350?
3
What is the tens digit of 1293053?
5
What is the ten thousands digit of 21912087?
1
What is the units digit of 5578410?
0
What is the thousands digit of 21624905?
4
What is the units digit of 1772250?
0
What is the hundred thousands digit of 443804?
4
What is the units digit of 79771?
1
What is the thousands digit of 99877?
9
What is the units digit of 177650?
0
What is the hundred thousands digit of 35672855?
6
What is the hundred thousands digit of 557978?
5
What is the ten thousands digit of 3631379?
3
What is the units digit of 15078308?
8
What is the hundreds digit of 1993495?
4
What is the hundreds digit of 17325991?
9
What is the units digit of 816785?
5
What is the hundreds digit of 87286?
2
What is the millions digit of 2350757?
2
What is the hundred thousands digit of 763187?
7
What is the tens digit of 19794740?
4
What is the thousands digit of 133246?
3
What is the units digit of 48864?
4
What is the thousands digit of 197502?
7
What is the tens digit of 4820671?
7
What is the units digit of 55806?
6
What is the hundreds digit of 1240997?
9
What is the thousands digit of 102444?
2
What is the thousands digit of 77592?
7
What is the ten thousands digit of 376568?
7
What is the hundred thousands digit of 30079699?
0
What is the millions digit of 15433963?
5
What is the tens digit of 1044101?
0
What is the hundreds digit of 1463958?
9
What is the millions digit of 2929250?
2
What is the thousands digit of 793475?
3
What is the hundreds digit of 413700?
7
What is the tens digit of 904277?
7
What is the units digit of 417445?
5
What is the hundred thousands digit of 194831?
1
What is the hundreds digit of 5191632?
6
What is the millions digit of 20141332?
0
What is the tens digit of 902201?
0
What is the units digit of 178613?
3
What is the units digit of 146391?
1
What is the millions digit of 3620639?
3
What is the thousands digit of 4358750?
8
What is the hundred thousands digit of 7310534?
3
What is the thousands digit of 2806744?
6
What is the hundred thousands digit of 118237?
1
What is the hundreds digit of 4819792?
7
What is the hundred thousands digit of 2074010?
0
What is the hundreds digit of 335297?
2
What is the units digit of 6179852?
2
What is the ten thousands digit of 3704813?
0
What is the thousands digit of 440978?
0
What is the ten thousands digit of 171877?
7
What is the hundreds digit of 188157?
1
What is the hundred thousands digit of 4566081?
5
What is the units digit of 1396726?
6
What is the ten thousands digit of 141829?
4
What is the hundreds digit of 342922?
9
What is the units digit of 143341?
1
What is the ten thousands digit of 256391?
5
What is the tens digit of 2219405?
0
What is the hundred thousands digit of 637762?
6
What is the hundreds digit of 7710869?
8
What is the ten thousands digit of 12380587?
8
What is the ten thousands digit of 1365098?
6
What is the thousands digit of 355377?
5
What is the millions digit of 1359037?
1
What is the hundreds digit of 10802068?
0
What is the units digit of 1935145?
5
What is the tens digit of 2769138?
3
What is the hundred thousands digit of 412082?
4
What is the thousands digit of 4085614?
5
What is the hundred thousands digit of 715540?
7
What is the ten thousands digit of 720712?
2
What is the thousands digit of 171583?
1
What is the ten thousands digit of 642155?
4
What is the hundreds digit of 2622994?
9
What is the hundreds digit of 6105355?
3
What is the thousands digit of 200336?
0
What is the ten thousands digit of 28281464?
8
What is the units digit of 7649221?
1
What is the units digit of 73715?
5
What is the thousands digit of 1226481?
6
What is the tens digit of 286685?
8
What is the millions digit of 3775072?
3
What is the thousands digit of 3559604?
9
What is the millions digit of 9927885?
9
What is the thousands digit of 824150?
4
What is the thousands digit of 190495?
0
What is the hundreds digit of 92108?
1
What is the ten 